ors of o?
23
Suppose 3*w = 2*g + 2*g - 19, -3*g - 2 = w. List the prime factors of 2*g/(-2)*-11.
11
Let b(p) = 15*p + 2. List the prime factors of b(1).
17
Suppose -v + 4*v = -2*b + 309, -4*b - 103 = -v. List the prime factors of v.
103
Let t(p) = -4*p + 3. Let n be t(2). List the prime factors of n*(3 + -2 + -2).
5
Suppose 5*v - 85 = 85. List the prime factors of v.
2, 17
Let y = -11 + 16. Suppose -y*b - 125 = -5*w, 0*b = -2*w + 4*b + 54. List the prime factors of w.
23
Let y(x) = 15*x. Let j be y(-1). What are the prime factors of 1*(-3 + (-1 - j))?
11
Let r(s) = 2*s**3 + 3*s**2 + s + 2. Let a be r(-2). List the prime factors of ((-8)/6)/(a/24).
2
Let g be 10/(-25) + 36/(-10). Let c(m) = -10*m - 3. Let p be c(g). Suppose -3*s - 3 = 2*h - p, -5*s + 9 = -h. List the prime factors of h.
11
Let c(t) = -t - 6. Let n(u) = 2*u - 4. Suppose 5*b + 5 = -10. Let x be n(b). List the prime factors of c(x).
2
Suppose 0 = -4*k - 311 + 1343. List the prime factors of k.
2, 3, 43
Let p be 10/4 - 2/(-4). Let k be p/9 - (-2)/(-6). Let d = k - -9. List the prime factors of d.
3
Let x(o) = -2*o + 1. Suppose 0 = -m - 5*s + 6, 4*m + 0*s + 3*s - 7 = 0. Let h be x(m). List the prime factors of 2 + (2 - h - 1).
2
Suppose -2*y = -4*z + 14, 2*y + 2*y + 3 = 3*z. Let q = z - 2. What are the prime factors of q?
3
Let m(n) = -n**2 - 3*n + 1. Let k be m(-3). Let u be 0 - ((-3)/3 + k). Suppose -5*a - 2*g + 37 = u, -6*a - 3*g + 31 = -2*a. List the prime factors of a.
7
List the prime factors of 380/(-6)*((-18)/15 - 0).
2, 19
List the prime factors of ((-14)/(-28))/(-3*3/(-4914)).
3, 7, 13
Suppose 0 = -x + 4*g + g + 98, -2*g - 356 = -4*x. List the prime factors of x.
2, 11
Let b = -3 + 8. Let j = b + -3. What are the prime factors of j?
2
Let x(j) = 2*j**2 - 4*j + 11. What are the prime factors of x(-7)?
137
Let s = -36 - -92. What are the prime factors of s?
2, 7
Let d = 0 - -2. Suppose 4*k - 3*i = 26, 0*k + 4*k + d*i = 36. List the prime factors of k.
2
What are the prime factors of (-3)/(-12) + (-1532)/(-16)?
2, 3
List the prime factors of (-94 - 3)*(-1 - 0).
97
Suppose 0 = 3*s + 3*z - 69, 5*z + 48 = -4*s + 139. What are the prime factors of s?
2, 3
Let h be ((-3)/(-2))/(2/(-80)). What are the prime factors of ((-12)/(-10))/((-9)/h)?
2
Let l be (-160)/24*(-3)/2. Suppose 4*n + n = l. What are the prime factors of n/3 + 34/3?
2, 3
Let j = -11 - -19. Suppose b = 4*l - 212, 212 = -4*l + j*l - 4*b. List the prime factors of l.
53
Let a(b) = b**2 + 7*b + 7. Suppose -2*m = m + 24. List the prime factors of a(m).
3, 5
Let k(j) = j**3 + 11*j**2 + 10*j + 7. Suppose 0*c + 2*c + 10 = 2*g, 4*c = 5*g - 15. List the prime factors of k(c).
7
Let l(d) = 5*d**2 + 2*d - 2. Let h = 3 + -1. What are the prime factors of l(h)?
2, 11
Suppose -5*a = -10, -3*a = -3*m + 7*m - 22. Suppose 0*w - 32 = -m*w. What are the prime factors of w?
2
Let q be 4/(-14) - 18/(-14). List the prime factors of -2 + 15 - q*-1.
2, 7
Let w(d) = -d - 5. Let i be w(-5). Suppose 5*k = -4*q - 2, 5*q - 8 = -3*k + 2*k. Suppose i = q*y - 2 - 12. List the prime factors of y.
7
Suppose 4*z - 26 = 10. Let m = z - -1. List the prime factors of m.
2, 5
Suppose -4*g - g = 0. Let c(p) = -p**2 + 3. List the prime factors of c(g).
3
Suppose 0*a - 2*a = 182. Let o = a - -133. Suppose 5*n - 38 - o = 0. What are the prime factors of n?
2
Let i(z) = -6*z**2 - 45*z + 25. Let m(a) = -a**2 - 9*a + 5. Let w(f) = 2*i(f) - 11*m(f). What are the prime factors of w(7)?
3
Suppose 0 = 5*m - 0*m - 20. Let v(j) = 13*j**2 - 1 - m*j + 4*j. What are the prime factors of v(-1)?
2, 3
Let t = 13 - 8. Suppose 5 = t*c - 5. What are the prime factors of c?
2
Let u be (4 - 2)*(-10)/(-4). Suppose -u*i + 11 - 1 = 0, -2*j + 34 = -4*i. What are the prime factors of j?
3, 7
Suppose 1 + 14 = 3*i. Suppose 0 = -i*b - 3*j + 63, b - 3*j + 2*j - 11 = 0. List the prime factors of b.
2, 3
Suppose -4 = 4*c, i + 4*c = -i + 262. List the prime factors of i.
7, 19
Let o = 127 + -45. List the prime factors of o.
2, 41
List the prime factors of -2 + -3 + 6 - (-12 + -1).
2, 7
Suppose 2*p - 6*p = -b - 57, -45 = -2*p - 5*b. List the prime factors of p.
3, 5
Suppose 0*h = -3*h + 12, -5*l - 3*h = -22. Suppose 0 = -l*v + 15 + 5. Suppose v*c - 5*c = 15. What are the prime factors of c?
3
Suppose 6*p = p - 45. Let c be 8/3*p/(-4). What are the prime factors of 16 + (c/3 - 0)?
2, 3
Suppose 5*v = 18 + 147. List the prime factors of v.
3, 11
Suppose 3*t - 4*v = -58, -5*t - 3*v + 9 = 96. Let g(h) = -2*h**3 - 2*h**2 - 6. Let k be g(-3). Let y = k + t. List the prime factors of y.
2, 3
Suppose 0 = -4*k + 5*k + 18. Suppose 3*c + 5*a = 8*c - 15, 12 = 4*c - 3*a. What are the prime factors of 3*c/(k/(-34))?
17
Suppose -3*g + 535 = i + 91, -5*g = 4*i - 747. What are the prime factors of g?
3, 7
Suppose -3*j = 12 + 12. Suppose -2*o - 252 = -0*o. List the prime factors of j/6*o/12.
2, 7
Let u be (-9)/15 - (-3)/30*-4. Suppose -5*o + 0*d + 27 = 3*d, 2*d = -4*o + 20. List the prime factors of (u - o)*(-1 - 0).
2
Let p(u) = -20*u**3 - 3*u**2 - 7*u + 1. Let h(s) = 19*s**3 + 4*s**2 + 8*s - 1. Let x(g) = -5*h(g) - 6*p(g). List the prime factors of x(1).
2, 3
Let r(u) = -4*u**2 + u - 4. Let o(j) = j**2 + 1. Let h(p) = 5*o(p) + r(p). What are the prime factors of h(-5)?
3, 7
Let i(g) be the third derivative of g**2 + g**3 + 0*g + 0 + 1/4*g**4 - 1/60*g**5. What are the prime factors of i(5)?
11
Suppose -2*p + 5*k = -73, 2*k + 52 = 2*p + 4*k. List the prime factors of 3/9 - p/(-3).
2, 5
Let f(k) = k**2 + 5*k - 5. Let p be f(-6). Let a = p + 1. What are the prime factors of a?
2
Let m = -3 + 5. Suppose 6*o - 76 = m*o. What are the prime factors of o?
19
Let c(u) = 5*u**2 - 4*u + 5. List the prime factors of c(5).
2, 5, 11
Let y be (-2 - 3) + (1 - -2). Let i(u) = 7*u**2 - 2*u - 3. Let q be i(y). Let f = q - 16. What are the prime factors of f?
13
Let h = 161 + -491. Let m be (-4)/(-14) + h/(-21). Let f = m + -7. What are the prime factors of f?
3
Let q be 5/3 + 7/21. Suppose -42 = -3*k - q*w - 12, 0 = -5*k - 5*w + 55. What are the prime factors of k?
2
Suppose 15 = 2*t - 99. What are the prime factors of t?
3, 19
Let c(y) = -26*y + 2. Let l be c(-3). Suppose 0 = -3*m + 7*m - l. What are the prime factors of m?
2, 5
Let o(z) = -z**3 + 5*z**2 - z + 6. Let s be o(5). Suppose 0 = -3*y + 5 + s. Suppose 20 = y*c + 2*c. What are the prime factors of c?
5
Let q = -6 - -9. Suppose -2*m - q*m = -20. Suppose -4*u = m*s - 4, 0 = -2*s + 4*u + 2 + 30. What are the prime factors of s?
2, 3
Let l(m) = m**2 + 1. Let f be l(-1). Suppose 0*s = f*s - 24. List the prime factors of s.
2, 3
Let i(b) = b**2 - 7*b - 2. Let u be i(9). Let f = 1 + u. List the prime factors of f.
17
Suppose 0 = -5*h - s - 35, -24 = 3*h - 5*s - 3. Let k(u) = 2*u + 3. Let g be k(h). Let i = g - -25. List the prime factors of i.
2, 7
List the prime factors of 8062/87*(-6)/(-4).
139
Let k(d) = -39*d + 10. What are the prime factors of k(-2)?
2, 11
Let m be (-2)/((-1 + 0)/1). Suppose -d + m*d - 17 = 0. What are the prime factors of d?
17
Suppose 0 = -0*s - s - 2. List the prime factors of (s - 0) + (11 - -3).
2, 3
Let c be (-7 + 25)/(1 + 0). Let x be (1/(-3))/((-3)/c). Suppose -x*n = -12 - 0. List the prime factors of n.
2, 3
Let n = 50 + -35. What are the prime factors of n?
3, 5
Let b = 26 - 10. What are the prime factors of b?
2
Suppose 0 = 3*x - x - 130. List the prime factors of x.
5, 13
Let l be 98/12 - 2/12. Suppose 2*b - 4 = l. List the prime factors of b.
2, 3
Suppose 4*x = -2*v + 310, 2*v = 2*x + 143 + 167. List the prime factors of v.
5, 31
Suppose 0 = 3*k - 5*k - 78. Let z = -12 - k. What are the prime factors of z?
3
Let z = -2 - -2. Suppose 5*b - 4*b + h = 6, z = -5*b + 5*h. Suppose -32 = -b*r + 4*s - 7, 0 = -2*r + 5*s + 12. List the prime factors of r.
11
Suppose 0 = 4*s + 4*t - 80, -5*t - 34 - 10 = -4*s. Let l = s + 7. What are the prime factors of l?
23
Suppose -2*a - 3*p + 6 = 0, 0 = -5*a + 3*a - p + 10. List the prime factors of (-1 + 3)/(a/42).
2, 7
Suppose 2 = 5*k - 3*k. List the prime factors of -22*(k/(-2))/1.
11
Let t = 62 + 92. What are the prime factors of t?
2, 7, 11
Suppose 0 = -3*a + 5*a - 4. Let u(t) = 2*t + 0*t - 3*t - a*t**3 + 11 + t**3. What are the prime factors of u(0)?
11
Suppose 0 = 5*r + 4*u - 11, -3*r = -2*u - 2 - 9. S